t is the ten thousands digit of 402838612?
3
What is the tens digit of 110106969?
6
What is the millions digit of 46535871?
6
What is the ten thousands digit of 236385729?
8
What is the tens digit of 5588423?
2
What is the ten thousands digit of 82742879?
4
What is the hundreds digit of 4161365596?
5
What is the billions digit of 6990621786?
6
What is the hundreds digit of 3117361472?
4
What is the ten millions digit of 339256670?
3
What is the ten thousands digit of 1787288?
8
What is the hundred millions digit of 254925098?
2
What is the millions digit of 39304275?
9
What is the ten thousands digit of 42660129?
6
What is the ten thousands digit of 94495513?
9
What is the hundred thousands digit of 2413256785?
2
What is the ten millions digit of 2138156066?
3
What is the millions digit of 24520966?
4
What is the ten thousands digit of 67459109?
5
What is the billions digit of 4867699935?
4
What is the tens digit of 7785182730?
3
What is the ten thousands digit of 54579713?
7
What is the thousands digit of 53525875?
5
What is the hundred thousands digit of 5218723?
2
What is the thousands digit of 61207115?
7
What is the units digit of 496028912?
2
What is the units digit of 4437479199?
9
What is the tens digit of 1074383486?
8
What is the ten millions digit of 183691724?
8
What is the hundred thousands digit of 453930821?
9
What is the tens digit of 1021441909?
0
What is the thousands digit of 191857574?
7
What is the millions digit of 333880658?
3
What is the units digit of 10063109?
9
What is the units digit of 370252222?
2
What is the millions digit of 1154465956?
4
What is the hundreds digit of 904894983?
9
What is the millions digit of 445611613?
5
What is the hundred millions digit of 2554426820?
5
What is the hundred thousands digit of 305724972?
7
What is the units digit of 172224776?
6
What is the millions digit of 947900596?
7
What is the units digit of 50036631?
1
What is the ten thousands digit of 56698448?
9
What is the thousands digit of 4569827382?
7
What is the tens digit of 506379924?
2
What is the hundred thousands digit of 186896745?
8
What is the ten thousands digit of 690556844?
5
What is the tens digit of 9357930729?
2
What is the ten thousands digit of 798157851?
5
What is the millions digit of 219818755?
9
What is the hundred millions digit of 508196937?
5
What is the tens digit of 50914125?
2
What is the ten thousands digit of 908797031?
9
What is the ten millions digit of 17456281?
1
What is the thousands digit of 127564647?
4
What is the thousands digit of 642294672?
4
What is the ten thousands digit of 6699154?
9
What is the hundred thousands digit of 104751288?
7
What is the ten millions digit of 441547905?
4
What is the thousands digit of 620659304?
9
What is the hundred millions digit of 1782646936?
7
What is the ten thousands digit of 725790305?
9
What is the hundred thousands digit of 87798097?
7
What is the ten millions digit of 1538844171?
3
What is the ten thousands digit of 106833716?
3
What is the tens digit of 125408859?
5
What is the thousands digit of 29703137?
3
What is the ten millions digit of 2274458299?
7
What is the hundred thousands digit of 101228509?
2
What is the units digit of 1203524881?
1
What is the millions digit of 303432283?
3
What is the ten thousands digit of 403434810?
3
What is the tens digit of 1084712557?
5
What is the millions digit of 41342289?
1
What is the thousands digit of 222141478?
1
What is the ten millions digit of 710618644?
1
What is the hundreds digit of 519700456?
4
What is the ten millions digit of 47491462?
4
What is the tens digit of 286170519?
1
What is the hundred thousands digit of 4622314?
6
What is the hundred millions digit of 433692690?
4
What is the ten millions digit of 291269400?
9
What is the millions digit of 75278534?
5
What is the units digit of 1412011416?
6
What is the ten millions digit of 30524597?
3
What is the hundred thousands digit of 170662909?
6
What is the thousands digit of 671742837?
2
What is the millions digit of 121565055?
1
What is the thousands digit of 73268579?
8
What is the tens digit of 81487662?
6
What is the hundred millions digit of 126504316?
1
What is the hundred thousands digit of 145312598?
3
What is the hundreds digit of 91995990?
9
What is the millions digit of 122128601?
2
What is the tens digit of 96533272?
7
What is the tens digit of 1280158?
5
What is the hundred thousands digit of 46949494?
9
What is the ten millions digit of 23033901?
2
What is the hundred thousands digit of 1121640773?
6
What is the thousands digit of 2032174741?
4
What is the thousands digit of 24628455?
8
What is the tens digit of 20875659?
5
What is the units digit of 102739938?
8
What is the thousands digit of 54148250?
8
What is the hundreds digit of 1904312457?
4
What is the hundreds digit of 1732558555?
5
What is the ten thousands digit of 2126964040?
6
What is the thousands digit of 403922021?
2
What is the tens digit of 5084853225?
2
What is the millions digit of 5254315104?
4
What is the hundreds digit of 1426966124?
1
What is the millions digit of 432506242?
2
What is the hundred thousands digit of 147042079?
0
What is the tens digit of 507539818?
1
What is the ten thousands digit of 222004089?
0
What is the tens digit of 5006464005?
0
What is the tens digit of 4138387?
8
What is the tens digit of 28345064?
6
What is the millions digit of 86952519?
6
What is the tens digit of 2942510369?
6
What is the ten thousands digit of 64172539?
7
What is the hundred thousands digit of 6116072?
1
What is the thousands digit of 901585576?
5
What is the hundreds digit of 206028572?
5
What is the hundreds digit of 205611478?
4
What is the ten millions digit of 604198656?
0
What is the units digit of 543691873?
3
What is the thousands digit of 3375554854?
4
What is the units digit of 744135029?
9
What is the hundreds digit of 51072930?
9
What is the billions digit of 2294405781?
2
What is the hundreds digit of 78494092?
0
What is the tens digit of 158156150?
5
What is the millions digit of 719037613?
9
What is the thousands digit of 193415454?
5
What is the hundred millions digit of 2531849428?
5
What is the ten thousands digit of 82569851?
6
What is the ten millions digit of 302344537?
0
What is the tens digit of 126880635?
3
What is the hundred millions digit of 1448908945?
4
What is the hundred thousands digit of 29789856?
7
What is the ten millions digit of 277651607?
7
What is the ten millions digit of 196252503?
9
What is the ten millions digit of 30799191?
3
What is the tens digit of 334026368?
6
What is the units digit of 261431609?
9
What is the hundred thousands digit of 39229943?
2
What is the hundreds digit of 160175206?
2
What is the thousands digit of 199801595?
1
What is the units digit of 190352969?
9
What is the hundred millions digit of 118945959?
1
What is the hundred millions digit of 119115652?
1
What is the ten thousands digit of 3002847037?
4
What is the millions digit of 147699312?
7
What is the ten millions digit of 862449936?
6
What is the thousands digit of 1256053641?
3
What is the hundreds digit of 152406018?
0
What is the hundred thousands digit of 979198333?
1
What is the millions digit of 31114240?
1
What is the hundred millions digit of 2300572331?
3
What is the hundreds digit of 926194615?
6
What is the hundreds digit of 17204397?
3
What is the tens digit of 54506051?
5
What is the units digit of 7844910?
0
What is the millions digit of 58298361?
8
What is the units digit of 128755935?
5
What is the units digit of 915567118?
8
What is the hundreds digit of 2678882163?
1
What is the hundred thousands digit of 19385089?
3
What is the tens digit of 1228297679?
7
What is the ten millions digit of 188852927?
8
What is the hundreds digit of 300466154?
1
What is the units digit of 3611086971?
1
What is the units digit of 639597451?
1
What is the millions digit of 310199298?
0
What is the ten thousands digit of 69015712?
1
What is the millions digit of 43580293?
3
What is the millions digit of 600594703?
0
What is the hundreds digit of 762299826?
8
What is the hundred thousands digit of 243911201?
9
What is the ten thousands digit of 334000890?
0
What is the tens digit of 361486949?
4
What is the tens digit of 51069431?